{"id":354,"date":"2019-05-15T07:53:41","date_gmt":"2019-05-15T07:53:41","guid":{"rendered":"http:\/\/bes.com.vn\/?page_id=354"},"modified":"2019-05-15T07:53:41","modified_gmt":"2019-05-15T07:53:41","slug":"vi-sao-bes-co-tac-dung-chong-lao-hoa-da-chong-lao-hoa-co-the","status":"publish","type":"page","link":"https:\/\/trangwebvang.net\/bes\/vi-sao-bes-co-tac-dung-chong-lao-hoa-da-chong-lao-hoa-co-the\/","title":{"rendered":"V\u00ec sao BES c\u00f3 t\u00e1c d\u1ee5ng ch\u1ed1ng l\u00e3o h\u00f3a da, ch\u1ed1ng l\u00e3o h\u00f3a c\u01a1 th\u1ec3 ?"},"content":{"rendered":"<div class=\"container section-title-container\" ><h1 class=\"section-title section-title-center\"><b><\/b><span class=\"section-title-main\" style=\"font-size:90%;\">V\u00ec sao BES c\u00f3 t\u00e1c d\u1ee5ng ch\u1ed1ng l\u00e3o h\u00f3a da, ch\u1ed1ng l\u00e3o h\u00f3a c\u01a1 th\u1ec3 ?<\/span><b><\/b><\/h1><\/div>\n<p style=\"text-align: justify\">V\u1edbi s\u1ef1 hi\u1ec7n di\u1ec7n c\u1ee7a GLUTATHIONE,ALPHA LIPOIC ACID,TINH CH\u1ea4T H\u1ea0T NHO,TINH CH\u1ea4T H\u1ea0T L\u01afU,VITAMIN C trong th\u00e0nh ph\u1ea7n, BES gi\u00fap ch\u1ed1ng l\u00e3o h\u00f3a da,ch\u1ed1ng l\u00e3o h\u00f3a c\u01a1 th\u1ec3 \u00a0theo c\u01a1 ch\u1ebf sau:<\/p>\n<h2 style=\"text-align: justify\"><span style=\"font-size: 90%\">T\u00c1C D\u1ee4NG C\u1ee6A GLUTATHIONE (1)<\/span><\/h2>\n<p style=\"text-align: justify\"><img loading=\"lazy\" decoding=\"async\" class=\"alignright size-full wp-image-351\" src=\"http:\/\/bes.com.vn\/wp-content\/uploads\/sites\/62\/2019\/05\/chemical.png\" alt=\"\" width=\"429\" height=\"195\" \/>M\u00e0u c\u1ee7a da \u0111\u01b0\u1ee3c t\u1ea1o ra b\u1edfi s\u1ef1 pha tr\u1ed9n c\u1ee7a 3 lo\u1ea1i s\u1eafc t\u1ed1 da c\u01a1 b\u1ea3n: m\u00e0u \u0111en c\u1ee7a melanin (ti\u1ebft ra t\u1eeb t\u1ebf b\u00e0o melanocyte c\u1ee7a da), m\u00e0u \u0111\u1ecf c\u1ee7a h\u1ed3ng c\u1ea7u v\u00e0 m\u00e0u v\u00e0ng c\u1ee7a caroten (ti\u1ec1n ch\u1ea5t vitamin A, l\u00e0 m\u1ed9t ti\u1ec1n ch\u1ea5t ngo\u1ea1i sinh). S\u1eafc t\u1ed1 melanin g\u1ed3m c\u00f3 hai lo\u1ea1i ch\u00ednh l\u00e0 s\u1eafc t\u1ed1 melanin s\u00e1ng (g\u1ecdi l\u00e0 Phaeomelanin) v\u00e0 h\u1eafc t\u1ed1 melanin (t\u1ee9c l\u00e0 s\u1eafc t\u1ed1 melanin \u0111en, c\u00f2n g\u1ecdi l\u00e0 Eumelanin ). Da c\u1ee7a b\u1ea1n tr\u1eafng hay \u0111en ph\u1ee5 thu\u1ed9c v\u00e0o l\u01b0\u1ee3ng h\u1eafc t\u1ed1 melanin (s\u1eafc t\u1ed1 melani \u0111en). V\u1edbi nh\u1eefng ng\u01b0\u1eddi da m\u00e0u, \u0111\u1eb7c bi\u1ec7t l\u00e0 ng\u01b0\u1eddi da \u0111en, da c\u1ee7a h\u1ecd s\u1ebd c\u00f3 nhi\u1ec1u h\u1eafc t\u1ed1 melanin, trong khi \u0111\u00f3, ng\u01b0\u1eddi da tr\u1eafng s\u1ebd c\u00f3 nhi\u1ec1u s\u1eafc t\u1ed1 melanin s\u00e1ng.<\/p>\n<p style=\"text-align: justify\">Khi b\u1ea1n ti\u1ebfp x\u00fac nhi\u1ec1u v\u1edbi \u00e1nh n\u1eafng, c\u01a1 th\u1ec3 s\u1ebd t\u0103ng s\u1ea3n sinh h\u1eafc t\u1ed1 melanin \u0111\u1ec3 ph\u1ea3n \u1ee9ng l\u1ea1i v\u00e0 v\u00ec v\u1eady, da s\u1ebd b\u1ecb chuy\u1ec3n m\u00e0u \u0111en. V\u1edbi nh\u1eefng ng\u01b0\u1eddi m\u00e0 da b\u1ecb s\u1ea1m, th\u00e2m, v\u1ebft n\u00e1m v\u00e0 t\u00e0n nhang, l\u00e0 do t\u1ebf b\u00e0o Melanocyte t\u1ed5ng h\u1ee3p ra qu\u00e1 nhi\u1ec1u h\u1eafc t\u1ed1 melanin \u1edf l\u1edbp h\u1ea1 b\u00ec. Enzyme Tyrosinase l\u00e0 ch\u00eca kh\u00f3a trong qu\u00e1 tr\u00ecnh t\u1ed5ng h\u1ee3p c\u00e1c h\u1eafc t\u1ed1 melanin \u0111\u00f3.<\/p>\n<p style=\"text-align: justify\">\u0110\u1ed1i v\u1edbi l\u00e0n da, Glutathione l\u00e0m tr\u1eafng da th\u00f4ng qua c\u01a1 ch\u1ebf, gi\u00fap da t\u0103ng c\u01b0\u1eddng t\u1ea1o ra s\u1eafc t\u1ed1 melanin s\u00e1ng v\u00e0 ng\u0103n ch\u1eb7n t\u1ea1o ra h\u1eafc t\u1ed1 melanin (melanin \u0111en), b\u1eb1ng c\u00e1ch can thi\u1ec7p v\u00e0o qu\u00e1 tr\u00ecnh chuy\u1ec3n h\u00f3a v\u00e0 ng\u0103n ng\u1eeba ho\u1ea1t \u0111\u1ed9ng c\u1ee7a enzyme tyrosinase, gi\u00fap l\u00e0m \u0111\u1ea3o ng\u01b0\u1ee3c ti\u1ebfn tr\u00ecnh t\u1ed5ng h\u1ee3p s\u1eafc t\u1ed1 melanin s\u00e1ng thay v\u00ec t\u1ed5ng h\u1ee3p c\u00e1c s\u1eafc t\u1ed1 melanin t\u1ed1i, k\u1ebft qu\u1ea3 l\u00e0 da d\u1ea7n tr\u1eafng s\u00e1ng v\u00e0 \u0111\u1ec1u m\u00e0u h\u01a1n. Qu\u00e1 tr\u00ecnh n\u00e0y di\u1ec5n ra t\u1eeb l\u1edbp h\u1ea1 b\u00ec (l\u1edbp trong c\u00f9ng) c\u1ee7a da. \u0110\u1ec3 nh\u00ecn th\u1ea5y s\u1ef1 tr\u1eafng l\u00ean c\u1ee7a l\u00e0n da \u1edf l\u1edbp ngo\u00e0i c\u00f9ng (l\u1edbp th\u01b0\u1ee3ng b\u00ec) c\u1ea7n ph\u1ea3i tr\u1ea3i qua m\u1ed9t chu k\u1ef3 (v\u00f2ng \u0111\u1eddi) c\u1ee7a da, trung b\u00ecnh kho\u1ea3ng 45-60 ng\u00e0y.<\/p>\n<p style=\"text-align: justify\">B\u00ean c\u1ea1nh t\u00e1c d\u1ee5ng l\u00e0m tr\u1eafng da v\u1edbi c\u01a1 ch\u1ebf t\u1eadn g\u1ed1c v\u00e0 b\u1ec1n v\u1eefng nh\u01b0 tr\u00ean, Glutathione c\u00f2n l\u00e0 m\u1ed9t ch\u1ea5t ch\u1ed1ng oxy h\u00f3a v\u00e0 ch\u1ed1ng g\u1ed1c t\u1ef1 do c\u1ef1c m\u1ea1nh, c\u00f3 th\u1ec3 n\u00f3i l\u00e0 m\u1ea1nh nh\u1ea5t hi\u1ec7n nay. Th\u00f4ng qua c\u01a1 ch\u1ebf t\u00e1i t\u1ea1o vitamin C v\u00e0 E trong c\u01a1 th\u1ec3, Glutathione gi\u00fap ch\u1ed1ng oxy h\u00f3a v\u00e0 ch\u1ed1ng g\u1ed1c t\u1ef1 do t\u1eeb b\u00ean trong t\u1ebf b\u00e0o, gi\u00fap b\u1ea3o v\u1ec7 c\u00e1c ty th\u1ec3 v\u00e0 m\u00e0ng t\u1ebf b\u00e0o, ch\u1ed1ng l\u1ea1i t\u00e1c nh\u00e2n g\u00e2y h\u1ea1i \u0111\u1ebfn DNA v\u00e0 nhanh ch\u00f3ng lo\u1ea1i b\u1ecf v\u1ebft th\u00e2m n\u00e1m, t\u00e0n nhang, gi\u00fap cho l\u00e0n da kh\u1ecfe m\u1ea1nh, s\u00e1ng h\u1ed3ng, gi\u1ea3m n\u1ebfp nh\u0103n, kh\u00f4 da v\u00e0 lo\u1ea1i b\u1ecf c\u00e1c v\u1ebft \u0111\u1ecf v\u00e0 c\u00e1c v\u00f9ng da th\u00f4 r\u00e1p. Glutathione c\u00f2n c\u00f3 t\u00e1c \u0111\u1ed9ng nh\u01b0 m\u1ed9t nam ch\u00e2m, gi\u00fap\u00a0 l\u1ea5y \u0111\u1ed9c t\u1ed1 v\u00e0 kim lo\u1ea1i n\u1eb7ng h\u1ea5p th\u1ee5 m\u1ed7i ng\u00e0y ra ngo\u00e0i qua da ho\u1eb7c h\u01a1i th\u1edf ho\u1eb7c bi\u1ebfn ch\u00fang th\u00e0nh m\u1eadt v\u00e0 cu\u1ed1i c\u00f9ng b\u00e0i ti\u1ebft qua ph\u00e2n hay n\u01b0\u1edbc ti\u1ec3u.<\/p>\n<h2 style=\"text-align: justify\"><span style=\"font-size: 90%\">T\u00c1C D\u1ee4NG C\u1ee6A TINH CH\u1ea4T H\u1ea0T NHO, TINH CH\u1ea4T H\u1ea0T L\u01afU, LIPOIC ACID, VITAMIN C (2)<\/span><\/h2>\n<p style=\"text-align: justify\">T\u1eeb l\u00e2u h\u1ea1t nho \u0111\u01b0\u1ee3c xem l\u00e0 v\u1ecb c\u1ee9u tinh c\u1ee7a l\u00e0n da v\u00ec trong d\u1ea7u h\u1ea1t nho ch\u1ee9a ch\u1ea5t Proanthocyanidin \u201cch\u1ea5t ch\u1ed1ng oxy h\u00f3a si\u00eau \u0111\u1eb3ng\u201d \u0111\u00e3 \u0111\u01b0\u1ee3c khoa h\u1ecdc ch\u1ee9ng minh l\u00e0 lo\u1ea1i d\u1ea7u ch\u1ed1ng l\u1ea1i s\u1ef1 oxy h\u00f3a r\u1ea5t m\u1ea1nh m\u1ebd. D\u1ea7u h\u1ea1t nho c\u00f3 t\u00ednh kh\u00e1ng vi\u00eam, n\u00f3 c\u00f3 th\u1ec3 ng\u0103n ng\u1eeba d\u1ecb \u1ee9ng, l\u00e0m gi\u1ea3m m\u1ee5n tr\u1ee9ng c\u00e1 v\u00e0 duy tr\u00ec \u0111\u1ed9 \u1ea9m, l\u00e0m se kh\u00edt l\u1ed7 ch\u00e2n l\u00f4ng, d\u01b0\u1ee1ng \u1ea9m cho da kh\u00f4, n\u1ebb\u2026<\/p>\n<p style=\"text-align: justify\">Tinh d\u1ea7u h\u1ea1t l\u1ef1u\u00a0l\u00e0 m\u1ed9t trong nh\u1eefng lo\u1ea1i tinh d\u1ea7u ch\u1ed1ng l\u00e3o h\u00f3a tuy\u1ec7t v\u1eddi. Trong th\u1ef1c t\u1ebf, d\u1ea7u h\u1ea1t l\u1ef1u c\u00f3 ch\u1ee9a ch\u1ea5t ch\u1ed1ng oxy h\u00f3a m\u1ea1nh m\u1ebd, c\u00f3 kh\u1ea3 n\u0103ng ch\u1ed1ng l\u1ea1i v\u00e0 ph\u1ee5c h\u1ed3i c\u00e1c g\u1ed1c t\u1ef1 do b\u1ecb h\u1ee7y ho\u1ea1i g\u00e2y b\u1edfi c\u00e1c tia UV v\u00e0 c\u00e1c y\u1ebfu t\u1ed1 m\u00f4i tr\u01b0\u1eddng.<\/p>\n<p style=\"text-align: justify\">B\u00ean c\u1ea1nh \u0111\u00f3, d\u1ea7u n\u00e0y \u0111\u01b0\u1ee3c n\u1ea1p v\u1edbi c\u00e1c h\u1ee3p ch\u1ea5t polyphenolic gi\u00fap cho vi\u1ec7c ng\u0103n ng\u1eeba h\u00ecnh th\u00e0nh n\u1ebfp nh\u0103n. D\u1ea7u h\u1ea1t l\u1ef1u \u0111\u00e3 \u0111\u01b0\u1ee3c ch\u1ee9ng minh c\u00f3 th\u1ec3 t\u0103ng c\u01b0\u1eddng c\u00e1c l\u1edbp bi\u1ec3u c\u0169ng nh\u01b0 kh\u1eafc ph\u1ee5c c\u00e1c v\u1ea5n \u0111\u1ec1 \u1edf l\u1edbp h\u1ea1 b\u00ec l\u1edbp da c\u1ee7a b\u1ea1n. H\u01a1n n\u1eefa, b\u1ea1n c\u00f3 th\u1ec3 s\u1eed d\u1ee5ng n\u00f3 \u0111\u1ec3 k\u00edch th\u00edch s\u1ea3n xu\u1ea5t collagen gi\u00fap c\u1ea3i thi\u1ec7n \u0111\u1ed9 \u0111\u00e0n h\u1ed3i c\u1ee7a da.<\/p>\n<p style=\"text-align: justify\">LIPOIC ACID ,VITAMIN C\u00a0l\u00e0 th\u00e0nh ph\u1ea7n c\u00f3 c\u00f4ng d\u1ee5ng ch\u1ed1ng l\u1ea1i oxy h\u00f3a, gi\u00fap da tr\u1eafng s\u00e1ng h\u01a1n.<\/p>\n<p style=\"text-align: justify\">(1) Tr\u00edch t\u1eeb : <a href=\"http:\/\/suckhoedoisong.vn\/tac-dung-cua-collagen-trong-tham-my-da-n67104.html\" target=\"_blank\" rel=\"noopener noreferrer\">http:\/\/suckhoedoisong.vn\/tac-dung-cua-collagen-trong-tham-my-da-n67104.html<\/a><\/p>\n<p style=\"text-align: justify\">(2) Tr\u00edch t\u1eeb : <a href=\"http:\/\/alobacsi.com\/bes-giup-trang-sang-da-chong-lao-hoa-hieu-qua-cho-phu-nu-nhu-the-nao-n20181120031132461.html\" target=\"_blank\" rel=\"noopener noreferrer\">http:\/\/alobacsi.com\/bes-giup-trang-sang-da-chong-lao-hoa-hieu-qua-cho-phu-nu-nhu-the-nao-n20181120031132461.html<\/a><\/p>\n<p>&nbsp;<\/p>\n","protected":false},"excerpt":{"rendered":"<p>V\u1edbi s\u1ef1 hi\u1ec7n di\u1ec7n c\u1ee7a GLUTATHIONE,ALPHA LIPOIC ACID,TINH CH\u1ea4T H\u1ea0T NHO,TINH CH\u1ea4T H\u1ea0T L\u01afU,VITAMIN C trong th\u00e0nh ph\u1ea7n, BES gi\u00fap ch\u1ed1ng l\u00e3o h\u00f3a da,ch\u1ed1ng l\u00e3o h\u00f3a c\u01a1 th\u1ec3 \u00a0theo c\u01a1 ch\u1ebf sau: T\u00c1C D\u1ee4NG C\u1ee6A GLUTATHIONE (1) M\u00e0u c\u1ee7a da \u0111\u01b0\u1ee3c t\u1ea1o ra b\u1edfi s\u1ef1 pha tr\u1ed9n c\u1ee7a 3 lo\u1ea1i s\u1eafc t\u1ed1 da c\u01a1 b\u1ea3n: [&#8230;]\n","protected":false},"author":2,"featured_media":0,"parent":0,"menu_order":0,"comment_status":"closed","ping_status":"closed","template":"","meta":{"footnotes":""},"class_list":["post-354","page","type-page","status-publish","hentry"],"_links":{"self":[{"href":"https:\/\/trangwebvang.net\/bes\/wp-json\/wp\/v2\/pages\/354","targetHints":{"allow":["GET"]}}],"collection":[{"href":"https:\/\/trangwebvang.net\/bes\/wp-json\/wp\/v2\/pages"}],"about":[{"href":"https:\/\/trangwebvang.net\/bes\/wp-json\/wp\/v2\/types\/page"}],"author":[{"embeddable":true,"href":"https:\/\/trangwebvang.net\/bes\/wp-json\/wp\/v2\/users\/2"}],"replies":[{"embeddable":true,"href":"https:\/\/trangwebvang.net\/bes\/wp-json\/wp\/v2\/comments?post=354"}],"version-history":[{"count":0,"href":"https:\/\/trangwebvang.net\/bes\/wp-json\/wp\/v2\/pages\/354\/revisions"}],"wp:attachment":[{"href":"https:\/\/trangwebvang.net\/bes\/wp-json\/wp\/v2\/media?parent=354"}],"curies":[{"name":"wp","href":"https:\/\/api.w.org\/{rel}","templated":true}]}}